e remainder when 25 is divided by c.
7
Suppose 76 = -5*x + 16. What is the remainder when x*((-45)/20 - -2) is divided by 1?
0
Calculate the remainder when 526 is divided by 26 - 1*(-15)/3.
30
Let c be (-2)/3 - (-10)/15. Suppose -4*o = 6*u - 2*u, -5*u + 3*o + 40 = c. What is the remainder when 41 is divided by u*(84/20 + -2)?
8
Let v(u) = -u**3 - 6*u**2 + 6*u - 7. Let a be v(-7). Suppose 2*g + a*g - 109 = y, y = 5*g - 271. Calculate the remainder when g is divided by 8.
6
Let h be 1*2*(-17)/2. Let q = -8 - h. What is the remainder when (-1230)/369*(-36)/5 is divided by q?
6
Let g be (1 - 22)*(-3)/1. Suppose 3*x + 4*x - g = 0. Calculate the remainder when 15 is divided by x.
6
Suppose 0*f - f - 62 = -2*h, 0 = 6*f + 12. What is the remainder when 176 is divided by h?
26
Let z(s) = -s**2 + 9*s + 36. Calculate the remainder when 61 is divided by z(11).
5
Let y be (-4)/(-8)*(-4 - 0). Suppose 4*i = -i - 15. Calculate the remainder when 852/18*i/y is divided by 24.
23
Let s = 33 - 27. Calculate the remainder when (1 + -4)/(2/((-368)/s)) is divided by 19.
16
Suppose -2*h - 4 = -3*h. What is the remainder when 21 is divided by (7/2 + (1 - h))*22?
10
Suppose -4*z + 5*a + 62 = 0, z + 4*z - 3*a = 84. Let u = z + -3. Let i = u + -11. Calculate the remainder when 8 is divided by i.
0
Let r(f) = 24*f - 25. Calculate the remainder when 88 is divided by r(2).
19
Let h(y) = 2*y + 3. Suppose -i + 5*k = i - 27, -2*i = -4*k - 30. Suppose i = -2*o + 5*o. What is the remainder when 50 is divided by h(o)?
16
Calculate the remainder when 70/4 + -7 + 44/8 is divided by 10.
6
Let d be (-6457)/(-33) + 4/(-6). Suppose 3*m - 8*m - y + d = 0, -3*y + 39 = m. Let j = m + -21. What is the remainder when 33 is divided by j?
15
Let v = -47 - -74. Calculate the remainder when 92 is divided by v.
11
Suppose -2*k - 5*a = -141, 3*k - 269 + 89 = 3*a. What is the remainder when 188 is divided by k?
62
Suppose 7*r + 918 - 946 = 0. Suppose 81 = 5*j + 6. Calculate the remainder when j is divided by r.
3
Let g be (-4)/6 - (-1528)/24. Let z = -55 + g. What is the remainder when 21 is divided by z?
5
Let q(j) be the third derivative of -j**5/60 - 7*j**4/6 - 10*j**3/3 - 14*j**2. Calculate the remainder when q(-23) is divided by 20.
15
Let h(q) = 5*q - 3. Let c be h(9). Let o = c + -26. Suppose z = -2*f + 3*f + o, z + 2*f = 31. What is the remainder when 41 is divided by z?
20
Let s(w) = w**2 + 6*w + 12. Let n be s(-3). Suppose h - 9 = f + 2, -n*h - 4*f = -12. Calculate the remainder when 47 is divided by h.
7
Suppose 8*x = 6*x. Let f be (x - -171) + -3*1. Suppose 3*s - f = 3*m, -5*m - 23 = -s + 41. What is the remainder when s is divided by 28?
26
Let r be (0/(-1 + 2))/2. Suppose 2*v = 2*i - 0 + 26, -3*i - 12 = r. Calculate the remainder when 34 is divided by v.
7
Calculate the remainder when 137 is divided by (-93 - -47)*2/(-4).
22
Suppose -4*n + 0*a - 3*a = 5, -2*n + 17 = -5*a. Let u be (-1 + n)/(14/7). Suppose u = -5*p + 10 + 90. Calculate the remainder when p is divided by 11.
9
Let i = 17 - 10. Let v be (5 - i) + (-42)/(-2). Suppose b + 0*b + 3*p - v = 0, 0 = -4*b + p + 11. Calculate the remainder when b is divided by 2.
0
Let r(w) = 3*w**3 - w**2 + 10*w - 16. What is the remainder when 332 is divided by r(2)?
20
Let j be (-3)/6 + (-1)/(-2). Suppose -63 = -j*h - 3*h. What is the remainder when h is divided by -3*((-24)/(-21))/((-6)/14)?
5
Let j be 92/1*(-9 + 11). Let t = 33 - 12. What is the remainder when (-4)/(j/(-60) + 3) is divided by t?
18
Let n = -182 + 201. Calculate the remainder when 188 is divided by n.
17
Let k(s) = -4*s**3 + 6*s**2 + 15*s + 8. What is the remainder when k(-3) is divided by 7?
6
Suppose 0 = 2*b - b - 6. Let n = b + 6. Suppose 0 = 4*a - v - 83, -5*a - 4*v + 125 = -v. What is the remainder when a is divided by n?
10
Suppose 342 - 109 = h - 2*q, -3*q = -5*h + 1130. What is the remainder when h is divided by 28?
27
Suppose -4*r = -4*q - 156, 0*r = 2*r - 4*q - 86. Calculate the remainder when ((-346)/(-6))/((-9)/(-27)) is divided by r.
33
Suppose 30*h - 11*h = 4256. What is the remainder when h is divided by 5?
4
Let d(b) = -11*b - 81. Let z(o) = 6*o + 40. Let m(t) = 3*d(t) + 5*z(t). Calculate the remainder when 28 is divided by m(-18).
6
Let z = 216 - 137. What is the remainder when z is divided by 27?
25
Suppose 3*y + 3*p - 105 = 0, p = 5*y - 7*y + 74. Calculate the remainder when 231 is divided by y.
36
Let p = 121 + -22. What is the remainder when p is divided by 22?
11
Suppose 25*f + 15*f - 560 = 0. Calculate the remainder when 46 is divided by f.
4
Suppose -4*s = -5*s - s. Suppose -4 = -5*b - 8*c + 4*c, s = b + 3*c + 8. What is the remainder when 14 is divided by b?
2
Suppose 23713 - 106 = 61*r. Calculate the remainder when r is divided by 100.
87
Let o(a) = -a**3 - 2*a**2 - 3*a - 1. Let l be o(-2). Suppose -n - 10 = -2*j, l*j = 5*n - 2*n + 26. What is the remainder when 55 is divided by j?
3
Suppose -m = -5*s - 28 + 270, 0 = -3*s + 4*m + 135. Calculate the remainder when 536 is divided by s.
46
Suppose 11 = 2*z + 7. Suppose -4*m - z*m + 198 = 0. Calculate the remainder when m is divided by 6.
3
Suppose -8 = -y - 2*r + 9, -r = 3*y - 36. Suppose 2*q - 5 = 1. Calculate the remainder when y is divided by -2 - (q + -1 - 8).
3
Let j = 15 + 6. Suppose -j = -5*c + 9. Let k(o) = o**2 + o + 1. What is the remainder when k(-5) is divided by c?
3
Suppose 0 = -2*u - 62 - 138. What is the remainder when (-1 - 3) + 84 + (-12)/3 is divided by 6/(5/(u/(-6)))?
16
Let w(c) = 3*c**3 + 15*c**2 + 5*c. What is the remainder when 163 is divided by w(-4)?
23
Let l(f) = 555*f - 514. Calculate the remainder when l(3) is divided by 15.
11
Let k(n) = -9*n + 123. Let w = -26 - -53. What is the remainder when w is divided by k(13)?
3
Calculate the remainder when (-73)/(-7) + 16/28 is divided by 5.
1
Let f(a) = a**2 + 10*a + 12. Let d be f(-9). Suppose -4*k + 9*k + l + 24 = 0, -2*k + d*l + 4 = 0. Calculate the remainder when k/(1*8/(-12)) is divided by 2.
0
Let g(k) = -k**2 + 31*k + 104. What is the remainder when 200 is divided by g(31)?
96
Let h(y) = -y**3 + 18*y**2 - 16*y - 9. Let a be 12/4*(-34)/(-6). Let z be h(a). Calculate the remainder when z/10*(-135)/(-18) is divided by 4.
2
Let d(t) = -2*t**2 - 7*t - 5. Let k be d(-5). Let o = -24 - k. Calculate the remainder when 15 is divided by (o/12)/((-1)/27).
6
Let d = -236 + 246. What is the remainder when 149 is divided by d?
9
Let s = 1183 - -496. Calculate the remainder when s is divided by 28.
27
Suppose -1324 = 4*h - 1380. What is the remainder when 148 is divided by h?
8
Suppose -30 = 3*i - v, -2*v = i + 12 - 2. Let d = 111 + -95. Calculate the remainder when ((-252)/8)/7*i is divided by d.
13
Let s be 5 + (-2 + 1)*-3. Suppose 4*q + 5*k = 89, 4*q + s = -3*k + 103. What is the remainder when q is divided by 7?
5
Let q(x) = -2*x - 22. Let t be -1*7 - (9 + -6). Let v be q(t). What is the remainder when 124 is divided by 39 - (-1 + 0 + v)?
40
Let k(d) = -7 - 6*d**2 + 2*d + 4*d**2 + 3*d**2 - 13. Calculate the remainder when 9 is divided by k(-6).
1
Suppose 2*m - 192 = -5*d, -d + 2*m + 59 = 11. Calculate the remainder when d is divided by 9.
4
Let d(g) = 4*g**2 + 8*g + 12. Let t be (2 - 1)/(3/(-15)). Let a = 36 + -11. What is the remainder when d(t) is divided by a?
22
Let z(p) = -3*p**2 - p - 27. Let h(l) = -l**2 - 14. Let a(g) = -5*h(g) + 2*z(g). Let t be 4 - 1 - (1 + 2). Calculate the remainder when 45 is divided by a(t).
13
Let v(b) = b + 13. Suppose 3 = 4*n - 1, -4*g - 5*n - 51 = 0. Let i = -21 - g. Calculate the remainder when 16 is divided by v(i).
4
What is the remainder when 25 is divided by 10 - (140/(-7))/(-5)?
1
Let c = -98 - -59. Let u = c + 46. What is the remainder when 27 is divided by u?
6
Let m(v) = -2*v**2 + 32*v - 37. Calculate the remainder when m(9) is divided by 22.
1
Suppose -7*s = -0*s - 28. Suppose 0 = -s*u + 195 - 47. Calculate the remainder when u is divided by 20.
17
Suppose 0 = -5*z - 40 - 70. Let h = z - -31. Let f(u) = -u**2 - 8*u - 9. Calculate the remainder when h is divided by f(-2).
0
Let s(q) = 3*q**2 - 2*q + 3. Let x be s(2). Let m(b) = b - 7. Suppose 8 = -4*g + 16. Calculate the remainder when m(x) is divided by g.
0
Calculate the remainder when 663 is divided by 24/(-8) + 43 - 3.
34
Suppose -6